. Let m be 4/o + (-80)/(-35). Give p(m).
17
Let a(s) = s**2 - 2*s + 6. Let n be 1/(9/4 - 2). What is a(n)?
14
Suppose 3*q - 3*h - 12 = 0, 3*q + 3*h - h - 27 = 0. Let l(i) = 9 - 7*i + i**2 + q*i - 8*i. Let m be 9/((-9)/(-12)*2). Determine l(m).
-3
Let t(c) = -10*c - c**2 + c - 2 + 11. Suppose -5*q - 16 - 34 = 0. What is t(q)?
-1
Suppose 4*i = 2*g + 9*i + 226, -3*g + i = 305. Let j = g + 91. Let u(c) = -c - 17. What is u(j)?
-5
Let y(w) = -3*w**3 + 16*w**2 - 7*w. Let n(t) = -4*t**3 + 21*t**2 - 8*t + 1. Let p(d) = -2*n(d) + 3*y(d). Give p(3).
10
Let n be 0 + 0 + 2 - -2. Let z = n + 0. Let c(d) be the second derivative of -d**4/12 + d**3/6 + d**2 + 1303*d. Determine c(z).
-10
Let d = 4 + -2. Let t = 26 - 19. Let c(r) = -5*r**3 + 7*r**2 - 6*r + 6. Let x(i) = 3*i**3 - 4*i**2 + 3*i - 3. Let s(p) = t*x(p) + 4*c(p). Calculate s(d).
5
Let o(s) = 3*s + 3. Let d be (-2)/4 - 342/(-12). Suppose h - 5*h - d = 0. What is o(h)?
-18
Let c(y) = -y**3 + 4*y**2 + 2*y - 6. Suppose -3*i - 2*i - 3*r = 222, 4*r - 152 = 4*i. Let h be 64/14 - (-24)/i. Determine c(h).
2
Let x(j) = -2*j**3 + 4*j + 3. Let h = -4 - -4. Suppose 4*a - 2*a + 4 = h. Determine x(a).
11
Let i(y) = 11*y + 2. Let s(r) = -3*r + 1. Let p(j) = 5*j - 2. Let z(k) = 4*p(k) + 7*s(k). Let t(c) = -i(c) - 6*z(c). Calculate t(3).
-11
Let l be -1 + 5 - -1 - 4. Let g(d) = 3 + 22*d**3 - 7*d**2 - 23*d**3 + l + 8*d. Determine g(-8).
4
Let o(m) be the first derivative of m**4/4 + 2*m**3/3 - 3*m**2/2 - 6*m + 845. What is o(-3)?
-6
Let a(m) = -122 + 4*m + 26 + 27 + 27 + 35. Determine a(3).
5
Let y(g) = g**3 - 4*g**2 + 3*g - 1. Let b be y(3). Let x(c) = -7 - 4147*c + 4155*c - 1 + 7. Calculate x(b).
-9
Let m(g) = 7*g**3 + 5*g**2 - 4*g - 8. Let s(f) = 9*f**3 + 5*f**2 - 5*f - 11. Let n(z) = 5*m(z) - 4*s(z). Calculate n(3).
22
Let u be (18/72)/(1/12). Suppose 0 = -2*x + 4*m + 6, 0 = 3*x - u*m + 2 - 11. Let q(p) = 2*p**2 - 2*p - 2. What is q(x)?
10
Let m be (-10)/(-25)*5*(-3)/2. Let v(d) = -d**3. Let s(t) = -2*t**3 - t - 2*t**2 + 1 + 2*t**2. Let j(y) = m*v(y) + s(y). Calculate j(2).
7
Let t(q) = -q**3 + 8*q**2 + q + 1. Let w(r) = 7*r**2 + 22*r - 16. Let n be w(-4). What is t(n)?
9
Let d(q) = 2*q**3 - 48*q**2 - 3*q + 66. Let s be d(24). Let l(x) = -x**2 - x + 5. Calculate l(s).
-25
Let o(y) = -11*y - 2*y**2 + 3*y**2 + 1 + 9*y - y**3. Let d be o(0). Let h(j) be the second derivative of -j**3/3 + j. What is h(d)?
-2
Let t be (-4)/(-14) + 366/42. Let l(s) = s - 26 + 17 + t. Give l(6).
6
Let g(o) = -5*o. Let y(q) = -85*q - 169. Let f be y(-2). Determine g(f).
-5
Let b be 1*((-9)/(9/2) - 3). Let d(p) be the first derivative of -p**3/3 - 5*p - 2. Let w(x) = -x**2 + x - 6. Let u(o) = b*d(o) + 4*w(o). Calculate u(-5).
6
Let o(l) be the second derivative of 1/6*l**3 + 0 + 3*l**2 - 2*l. Calculate o(-3).
3
Let b(t) be the first derivative of -2*t**3/3 + 11*t**2/2 + 8*t + 22. Give b(6).
2
Let r be ((1 - 3) + 0)/(6/(-21)). Let h(v) = -v**2 + 9*v - 12. Give h(r).
2
Let s(q) = 2*q + 3. Let m = -12 + 15. Let j be 6*(m - (-7)/(-3)). Let v(k) = -k**2 + 3*k + 2. Let u be v(j). Give s(u).
-1
Let j(r) = -2*r**2 + 10*r - 6. Suppose 862*u - 859*u - 12 = 0. Determine j(u).
2
Let n be (-6)/756*-7*(-99)/(-6). Let a(x) be the second derivative of -1/2*x**2 - 1/3*x**3 - 7*x + 0 + n*x**4. What is a(-1)?
12
Let d be (-3)/12 - ((-10)/8 + 0). Let z(h) = -39*h**3 - h**2 - h + 1. Calculate z(d).
-40
Let g(j) = 2*j**2. Let l be g(2). Let p(m) be the third derivative of -m**6/120 + 2*m**5/15 + m**4/24 - 11*m**3/6 - 27*m**2. What is p(l)?
-3
Suppose -12*m + 151*m = 139. Let w(q) = -67*q + 8. Let h(y) = 22*y - 3. Let j(k) = -11*h(k) - 4*w(k). Calculate j(m).
27
Let q = 5 - 7. Let t(w) be the first derivative of -w**4/4 + w**2 + w + 26. Let g be t(q). Let r(p) = -p**2 + 6*p + 3. What is r(g)?
8
Let b(x) be the third derivative of 0 - 2/3*x**3 - 1/6*x**4 + 20*x**2 + 0*x. Let y = 3 + 0. Give b(y).
-16
Let x(z) = z**3 - 20*z**2 - 27*z + 132. Let t be x(21). Let c(y) = 2*y - 3. What is c(t)?
9
Let w(x) = -x**2 - 28*x - 1 + 101*x - 37*x - 38*x. Calculate w(-2).
-1
Let q be (-6 - -1)*(-1)/(-1). Let r(b) = -3*b + 4. Let z(a) = -22 + 10 + 4 + 4 + 4*a. Let l(i) = 5*r(i) + 4*z(i). Determine l(q).
-1
Let a(l) = -l**3 - 6*l**2 + 5*l - 14. Let z(j) = -j**2 + 2*j - 7. Let i be z(2). What is a(i)?
0
Let k = -114/5 + 461/20. Let g(l) be the first derivative of -k*l**4 + 3 + 2*l**2 + 6*l - 4/3*l**3. What is g(-4)?
-10
Suppose -19*q + 14*q + 10 = 0. Suppose 0 = q*p + 4 - 0. Let f(v) = 0 + 5*v**3 - 1 - 6*v**3 + v**2. Give f(p).
11
Let b(t) = 14*t**2 + 14*t - 38. Let x(l) = 5*l**2 + 5*l - 13. Let n(y) = 4*b(y) - 11*x(y). Let u = 11524 + -11524. Give n(u).
-9
Let p be 1/(-4) + (-6)/8. Let q(i) = 2*i - 32. Let f be q(17). Let s(u) = u - 2*u**3 + 18*u**2 + 4 - 18*u**f - 3. Give s(p).
2
Let x = -6 + 1. Let u(l) be the third derivative of -l**8/6720 - l**7/504 - l**5/24 + 5*l**4/12 + 3*l**2. Let j(m) be the second derivative of u(m). Give j(x).
-5
Let l(d) be the first derivative of -d**3/3 - d**2 + 13*d - 11. Calculate l(-6).
-11
Let q(i) = -i - 2. Let v be q(-6). Let l(k) = -11*k**3 + 2*k**2 - 8*k - 1. Let g(j) = 31*j**3 - 5*j**2 + 23*j + 3. Let f(c) = -6*g(c) - 17*l(c). Calculate f(v).
-9
Let h(m) be the second derivative of -m**5/20 + 5*m**4/12 - m**3/6 + m**2/2 - 2*m + 21. Calculate h(4).
13
Let l be 20/(-24) - (-2)/(-12). Let q(w) = 21 - 9 - 7*w - 1 - 5 - 5. What is q(l)?
8
Let p be 17*1/3 - (-2)/(-3). Let b(u) = 9*u - u + 1 - 7*u - p*u. Suppose -4*w + s + 10 = 0, -4*s - 20 = -5*w + s. Determine b(w).
-7
Suppose 90 = 2*s + 3*s. Suppose 3 = 4*p - 49. Suppose s*u - p*u = 25. Let h(t) = 3*t - 7. What is h(u)?
8
Let g(p) = -3*p - 46. Let z be g(-16). Let x(r) = -23 + 3*r**z + 24 - 4*r**3 - 4*r**2. Calculate x(1).
-4
Let l(q) be the third derivative of q**4/12 - q**3/3 - q**2. Let w(g) = 4*g**2 - g - 6. Let v be w(3). Let o = -24 + v. Determine l(o).
4
Let t(p) be the first derivative of -p**2/2 + 2*p - 1. Let k(c) be the first derivative of c**4/4 + 13*c**3/3 + c**2/2 + 7*c - 3. Let d be k(-13). What is t(d)?
8
Let q = 2 + -2. Let w(r) = -3*r**3 + 4*r**3 + 47*r**2 - 7 - 46*r**2. Determine w(q).
-7
Let x(p) = 3*p**3 - 4*p**2 + 2*p + 2. Let s(y) = 2*y**2 - 4*y + 12. Let r be s(5). Let i be (-3)/(-7) - 438/r. Let z be (8/i)/((-8)/20). Calculate x(z).
14
Let g(q) = 2*q**2 + q + 2. Let o(u) = 7*u**2 + 5*u + 9. Let f be (-1 + (1 - -1))/(3/6). Let h(b) = f*o(b) - 9*g(b). Give h(-1).
-5
Suppose -5*h - 111 + 126 = 0. Let y(d) be the first derivative of -4*d - 1/3*d**h - 3 - 5/2*d**2. Determine y(-3).
2
Let n(s) = -3*s**2 + 7*s + 1. Let z = -1 + 4. Calculate n(z).
-5
Let y(v) = 3*v - 3. Suppose 12 = 3*x, -x = -2*i - 18 + 8. Calculate y(i).
-12
Let s(x) be the first derivative of -x**4/4 + 2*x**3 + x**2 - 4*x - 64. Determine s(6).
8
Let v(n) = -n**2 + 6. Let o(a) be the first derivative of -a**3/3 + 6*a + 3. Let l(u) = 7*o(u) - 6*v(u). What is l(0)?
6
Let n(c) = -c**3 - 6*c**2 + 6*c - 4. Let u be n(-7). Let m(w) = 0 + 0 + w - 2*w - 3. What is m(u)?
-6
Let u(q) = -q**3 + 6*q**2 - 6*q + 1. Suppose -2*t - 10 = -5*w, -w + 3*t = -1 - 1. Suppose 5*p - w*a - 15 = 0, -2*p + a - 4*a + 25 = 0. What is u(p)?
-4
Suppose 0 = -27*t + 17*t - 30. Let k(f) = -f + 4. Give k(t).
7
Let w(m) = 37*m. Let z = 214 + -213. Give w(z).
37
Let m(h) be the third derivative of -h**4/6 - 2*h**2 + 18. What is m(5)?
-20
Suppose 0 = -5*t + 26 - 1. Let s = t + -5. Let q(k) = -5*k - 1 + s*k - 1 + 2*k. What is q(-2)?
4
Let u(h) = -4*h + 8*h + 3 + 7*h - 4*h. Let o(w) = w**2 + 6*w - 2. Let i be o(-7). Suppose i*p + 3*c + 20 = 7, 4 = -4*p + 4*c. Calculate u(p).
-11
Let f(g) be the third derivative of -g**4/8 - 2*g**3/3 - g**2. Let h = 1553 + -1556. Calculate f(h).
5
Let a(g) be the third derivative of g**5/60 - 11*g**3/6 - 48*g**2 - 2*g. Give a(-4).
5
Let z(h) = -2*h**2 - 2*h. Let c be z(-2). Let o(v) = -5*v**2 + 15*v - 17. Let l(d) = -3*d**2 + 8*d - 9. Let i(b) = 7*l(b) - 4*o(b). Give i(c).
5
Let d(w) = w**2 + 10*w + 10. Let x be (-4)/(4*(-1)/2). Suppose 38 = -5*r + x*u, 3*r + 4*u = 8*u - 20. Give d(r).
-6
Let y(z) = z**3 + 55*z - 56*z + 4*z**2 - 2 - 2*z**3. Let w(u) = -3*u - 3. Let r be w(-3). Let b = -4 + r. What is y(b)?
4
Suppose 1 = -4*y + 13. Let i(k) = -6*k - 4. Determine i(y).
-22
Let w(n) = -3*n**3 + 7*n**2 - 5*n + 4. L